-2)?
7, 23
Let o(a) = 11*a**2 + 1. Let i be o(1). Let d = i - -5. What are the prime factors of d?
17
Suppose -6*f + 4 = -2*f. Let k(p) = 4*p - 3. Let j(t) = 2*t - 2. Let b(w) = -5*j(w) + 3*k(w). What are the prime factors of b(f)?
3
List the prime factors of (-48)/8*(-17)/2.
3, 17
Let q = 97 + -69. Suppose -x + 3 - 2 = 0, 3*h + 5*x + 43 = 0. Let u = q + h. List the prime factors of u.
2, 3
Let w = -6 - -7. Let y(l) = -l**3 + 6*l**2 + 2*l - 5. Let d be y(6). Let z = d + w. What are the prime factors of z?
2
Let i = -66 + 102. What are the prime factors of i?
2, 3
Let r be 20/(3 - 7)*-1. Suppose -5*c + r*w = -230, 4*w + 45 = -5*c + 284. List the prime factors of c.
47
Suppose 0*p + 20 = 3*i - 4*p, 0 = -4*i - p - 5. Suppose -4*l + i*l + 4 = 0. List the prime factors of -1 + l + 3 + 9.
2, 3
Suppose -z = p - 17, -3*z - 68 + 19 = -2*p. Suppose -3*n + p = n. What are the prime factors of n?
5
Let b = -13 - -3. Let c(t) = t + 17. What are the prime factors of c(b)?
7
List the prime factors of (735/(-6))/7*-2.
5, 7
Let n(w) be the first derivative of w**2/2 + 2*w + 1. Let j be n(-2). Suppose 5*i - 5*l = 30, 5*i + j = 3*l + 28. What are the prime factors of i?
5
Suppose -8 = 4*a + 4*b, 9 - 1 = 2*a - b. Suppose -a*v - 2*v = -16. List the prime factors of v.
2
Suppose -3*d + 67 = -11. List the prime factors of d.
2, 13
Suppose -w + 6*w - 4*d = 258, 42 = w - 4*d. What are the prime factors of w?
2, 3
Let y = -10 + 10. Suppose y = 5*n - n - p - 30, 0 = n + 4*p + 1. What are the prime factors of n?
7
Suppose -4*d = 135 - 979. List the prime factors of d.
211
Let l = 59 - 41. List the prime factors of l.
2, 3
Let k(l) be the third derivative of l**4/6 + l**3/6 - 2*l**2. Let t be k(-4). List the prime factors of (-5)/t + (-70)/(-6).
2, 3
Let f(s) = -s**3 - 6*s**2 - 4. Let u be f(-6). Let p be (-1 - u)/(-3) + 6. Suppose 59 = p*j - 6. What are the prime factors of j?
13
Let u(s) be the second derivative of 11*s**3/6 - s**2 + 3*s. What are the prime factors of u(2)?
2, 5
Let c = -27 + 38. Let u(q) = q**3 - 3*q**2 - 6*q. Let l be u(5). Let g = l - c. What are the prime factors of g?
3
Let u be -10*(-2)/(-8)*-6. List the prime factors of (-1)/(-3) - (-130)/u.
3
Suppose -5*o + 0*q + 5*q = -75, -2*q = -6. Suppose -h = -3*h + o. What are the prime factors of h?
3
Suppose 0 = 5*n + 38 - 93. Let p be (-4)/22 + 112/n. List the prime factors of (12/p)/((-10)/(-25)).
3
Let a = -209 + 308. What are the prime factors of a?
3, 11
Suppose -x + 4*x - 252 = 0. Suppose w - x = -w. Suppose -2*v - w = -3*f - f, 31 = 3*f - v. List the prime factors of f.
2, 5
Suppose 2*p - 355 = -j, 3*p = -p + 5*j + 703. List the prime factors of p.
3, 59
Let i(o) = -o**2 - 5*o. Let x be i(-4). What are the prime factors of 14/x*(-16)/(-28)?
2
Let h = -32 - -52. What are the prime factors of h?
2, 5
Let v(h) = h**3 - 3*h**2 + 2*h + 1. Let d be v(2). What are the prime factors of 24/d + (0 - -3)?
3
What are the prime factors of ((-45)/2)/(4/(-8))?
3, 5
Let h be (1/2)/(1/6). Suppose -h*k - 2*b = -0 - 8, k = b + 1. List the prime factors of k.
2
Let a be (18/4)/(2/(-4)). Suppose 0 = 2*p - 5*y + 17, -2*p + 11 = -4*p - y. Let z = p - a. What are the prime factors of z?
3
Let q be (10/(-3))/((-16)/24). Let f = 0 - 1. What are the prime factors of 76/q - f/(-5)?
3, 5
Suppose -2*p - 19 = l - 4*l, -5*p = -2*l + 20. Suppose -m - 64 = -l*m. List the prime factors of m.
2
Let u(h) = h**3 + 3*h**2 + 3. Let c be u(-3). Let r(l) = -l**3 + 6*l**2 - 5*l - 1. Let q be r(5). Let m = c + q. List the prime factors of m.
2
Let l(v) = -v**3 - 5*v**2 - 4*v - 4. Suppose 0*a = -3*o + 3*a - 3, o = -a - 9. What are the prime factors of l(o)?
2
Let i(x) = 3*x**2 - 4. Let n be i(-3). Suppose -3*j = -4*o - n, -4*j = 5*o - 13 + 3. Let k(r) = -r**2 + 6*r + 4. What are the prime factors of k(j)?
3
Let c = -16 - -32. Suppose -5*m + c = t, -27 = -m + 4*t - 7. List the prime factors of m.
2
Suppose 0 = 3*v + 2*v - 25. Suppose v*o - z = -11 + 59, 4*o - z - 38 = 0. What are the prime factors of o?
2, 5
Let r be -3 - (6/(-3) + -4). Suppose -r*x - 3 = -0*x. List the prime factors of (2 - x) + (-21)/(-3).
2, 5
What are the prime factors of ((-4)/6 - -1)/(3/1926)?
2, 107
Suppose 15 = 5*r - 4*r. Let o = 4 + r. List the prime factors of o.
19
Suppose x + 4*x - 257 = -2*t, -2*t = -5*x + 273. What are the prime factors of x?
53
List the prime factors of (171/6 + -3)*2.
3, 17
Let f be (-10)/(1 - (1 + -2)). What are the prime factors of (4/f)/(4/(-30))?
2, 3
Suppose 0 = -g + 6*g - 545. List the prime factors of g.
109
Let d(f) = -f - 1. Let u be d(-4). Suppose -i + 13 = 4*v, -29 = -3*v - 2*v + u*i. List the prime factors of v.
2
Let p be (2 - 2)/(4 - 5). Suppose -3*f + 16 = -n, f + p*n - 6 = n. Suppose f*w - 36 = 2*w. What are the prime factors of w?
2, 3
Suppose x = -3*p - 4, 4*p = 5*x + 3*p - 12. Suppose 2*b + x*b - 5*r = 51, 2*r = 5*b - 51. Suppose -u = -4*u + b. What are the prime factors of u?
3
Let s(u) = 3*u**2 + 4*u - 3. Let w be s(2). Let p = -30 + w. Let k = p - -28. What are the prime factors of k?
3, 5
Suppose -2*g - 3*w + 0 - 10 = 0, 0 = -3*g - 2*w - 15. List the prime factors of (-53)/g + 10/25.
11
List the prime factors of 33/(-2)*(-80)/30.
2, 11
Suppose -5*u = -4*u - 26. List the prime factors of u.
2, 13
Suppose 4*l = -11*l + 885. List the prime factors of l.
59
Let f(v) = -v**2 + 12*v + 5. Let m be f(12). Suppose 0 = -m*q + 46 + 109. What are the prime factors of q?
31
Suppose -5*i = -13 + 43. Let y be ((-8)/3 + 2)*i. What are the prime factors of -4*(-2)/y - -2?
2
List the prime factors of 9/3*(-4)/(-12)*111.
3, 37
Let v(y) = -5*y**2 + 2*y + 1. Suppose i - 1 = 2*i. Let p be v(i). Let l = p - -10. List the prime factors of l.
2
Let z = -5 - -8. Suppose -3*p + z = -42. List the prime factors of p.
3, 5
Suppose -p + 12 - 3 = 0. What are the prime factors of (-8)/(-36) - (-61)/p?
7
List the prime factors of (1 + -2 - 0)*-4.
2
Let u = -15 + 32. List the prime factors of u.
17
Suppose d - 4 - 8 = 0. Suppose 0 = 7*y - 3*y - d. What are the prime factors of y?
3
Suppose -3*h = h. Let s = h + 1. Let r = s + 11. What are the prime factors of r?
2, 3
Let l(u) be the first derivative of -u**4/4 - 4*u**3/3 - 2*u**2 - u + 2. Let r(f) = -f**3 - 5*f**2 - 3*f. Let d be r(-4). What are the prime factors of l(d)?
3, 5
Suppose 5*h - 33 = -3. Let x = h - -26. List the prime factors of x.
2
Let l(k) = -2*k**3 + 8*k**2 + 10*k + 5. Let x(p) = 3*p**3 - 15*p**2 - 19*p - 9. Let q(v) = 5*l(v) + 3*x(v). What are the prime factors of q(-5)?
3, 11
Suppose 0 = 10*c - 10 - 10. List the prime factors of c.
2
Suppose 3*n - 168 = 33. What are the prime factors of n?
67
Suppose 0 = -5*d + 2*d + 69. List the prime factors of d.
23
Let f = 129 - 10. List the prime factors of f.
7, 17
Let p = 88 + -160. Let f(d) = -d**2 + d - 49. Let y be f(0). Let q = y - p. What are the prime factors of q?
23
Suppose 2*w - 264 = -2*w. What are the prime factors of w?
2, 3, 11
What are the prime factors of ((-48)/30)/(6/(-135))?
2, 3
Let l = 11 + -6. Suppose -l*d + 62 + 38 = 0. What are the prime factors of d?
2, 5
Suppose 2*d + 2*d = 24. What are the prime factors of 26/(-6)*d/(-2)?
13
Let s(n) = 4*n**2 + 5*n - 43. What are the prime factors of s(-11)?
2, 193
Suppose 20 = -5*q + 5*z, 6*z - 13 = q + 2*z. Let g(w) = 2*w**2 - 2*w - 1. What are the prime factors of g(q)?
3
Suppose o - 120 = 5*o. Let i = o + 54. Suppose -2 = -f - 5*u - 0, 3*f - 3*u = i. List the prime factors of f.
7
Suppose 0 = -6*w + w - 20. What are the prime factors of (-43)/w + 2/8?
11
Let z(q) = 0*q + 0 - 3 + q. Let d be -1 - (-6)/(0 - -1). What are the prime factors of z(d)?
2
Let s(d) = d**2 - 1. Let k be s(-4). Suppose -5 = -5*f + 2*u, 0 = 5*u + 10 + k. Let o = f - -14. What are the prime factors of o?
13
What are the prime factors of 2 + -1 + -1 + 12?
2, 3
Suppose 2*a + a - 24 = 0. Suppose 0 = 4*d + a, 3*y - 6 = -0*y + 3*d. Suppose 5*i - 25 = -5*w, 19 = 3*i + 2*w - y*w. What are the prime factors of i?
3
Suppose 189 = 4*l + 29. Suppose l = 2*f + 3*f. What are the prime factors of f?
2
Let s(o) = 3*o**2 - 2*o - 14. List the prime factors of s(-7).
3, 7
Let y(o) = -61*o - 2. Let j be y(-3). Suppose -j = d + 36. List the prime factors of 1/4 + d/(-28).
2
Let t = 2 + -4. What are the prime factors of (7 + t/1